26. Let i be s(5). What are the prime factors of (i/7)/(16/56)?
2, 19
Let s = -11 - -14. Suppose 0*z = -s*z. Suppose z = -5*r - 0*r + 55. What are the prime factors of r?
11
Let a = -271 - -496. Suppose -941 + a = -4*d + 2*l, -2*d + 4*l + 352 = 0. What are the prime factors of d?
2, 3, 5
Suppose -3*l + 3*w = 42, 3*w + 0 = 4*l + 54. Let p(v) = -v**3 - 11*v**2 - 3*v - 16. List the prime factors of p(l).
2, 41
Let r(w) = w**3 - 7*w**2 - 8*w - 2. Let t(n) = n**3 + 5*n**2 + n - 2. Let x be t(-2). Let i be r(x). List the prime factors of (-5 - 1)*11/i.
3, 11
List the prime factors of (9/(243/(-36)))/((-1)/303).
2, 101
Let l(r) = 11*r - 2. Let b be (-5 - (2 - 3)) + (-24)/(-3). What are the prime factors of l(b)?
2, 3, 7
Suppose -i = 7 - 0. Let h = -6 - i. Let s = h + 42. List the prime factors of s.
43
Let s(z) = 10*z**2 - 42*z + 10. What are the prime factors of s(11)?
2, 379
Let h(s) = 20*s - 15 + 6*s - 165*s**2 + 164*s**2. List the prime factors of h(18).
3, 43
Let h = -12 + 17. Suppose 4*n - p = 349, -h*n + 3*p + 68 = -363. What are the prime factors of n?
2, 11
Let s = 70 - -1137. List the prime factors of s.
17, 71
Suppose -4*h + 5*u + 6 = 0, -2*u - 3 + 0 = -h. Let t be (1 - h) + 0 + 2. List the prime factors of 112/2 - (6 - t).
2, 3
Suppose -56 - 109 = -k + 5*l, 600 = 4*k - 5*l. What are the prime factors of k?
5, 29
Suppose -2*c - 2*c = -12. Suppose -4*l = 4*g - 116, -c*l + l = -4*g - 40. Suppose -13 = -3*r + l. What are the prime factors of r?
13
Suppose -y = 5, -3*i + 716 = -0*i - 4*y. Suppose 0 = -5*a - 4*q + i + 280, 2*a - 5*q - 218 = 0. What are the prime factors of a?
2, 13
Suppose -a = -b - 2912, 5*b - 3*b - 14588 = -5*a. List the prime factors of a.
2, 3
Let r(u) = -u - 8. Let i be r(-16). What are the prime factors of 738/i + -3*(-2)/(-24)?
2, 23
Let d(n) = 8*n - 4. Let z(m) = m**2 + 3*m + 2. Let s be z(-3). Let u be d(s). List the prime factors of (-3)/u - (-85)/4.
3, 7
Let u be 2 - (7/(-1) + 4). Suppose 4*y + 2*h - 8 + 32 = 0, 4*y = -u*h - 24. What are the prime factors of -8*1/y*12?
2
Suppose -30*o + 17152 = 2*o. List the prime factors of o.
2, 67
Suppose -2*h - 3*t + 2 = 9, t - 1 = 0. Let q(b) = b**3 + 7*b**2 + 6*b + 4. List the prime factors of q(h).
2, 3
Let d be (-1 - 1)*8 + -2. Let a be (-1 + 3)*(-243)/d. Suppose 3*h - 4*x - 7 = 61, -x = 2*h - a. What are the prime factors of h?
2
Suppose 0 = -4*d + 63 - 43, 5*a - 6155 = -d. What are the prime factors of a?
2, 3, 5, 41
Suppose -4*s + 412 = -72. Suppose -173 - s = -2*b. Let i = -80 + b. List the prime factors of i.
67
Suppose 7*h = 2*h + 5. Let l be (-28)/(-8)*-2 - h. List the prime factors of (-1 + 2)/(l/(-216)).
3
Suppose -2*n - 2*v + 2745 = -7*v, 5*n + 2*v - 6906 = 0. What are the prime factors of (21/(-9))/((-10)/n)?
2, 7, 23
Let r(i) = 187*i - 13. What are the prime factors of r(4)?
3, 5, 7
Let d be (-9435)/(-15)*(2 - 3 - -2). Let t = d + -392. What are the prime factors of t?
3, 79
Let l(o) = 14*o**3 - o**2 - o + 1. Let j be (-2)/(-3)*(-12)/(-8). Let v be l(j). Let i = v + -10. What are the prime factors of i?
3
Let z(x) = x + 11. Let l be z(-11). Suppose l*h - 126 = -3*h. List the prime factors of ((-4)/8)/((-3)/h).
7
Suppose 2*q - 1 = 4*o + 11, -3*q + 5*o = -15. What are the prime factors of q - (4 + (-2 - 40))?
2, 19
Let s be (-10)/(-4)*(-30)/(-25). Let f(l) = -l**2 + 5*l - 2. Let m be f(2). Suppose 3*c - 4*d - 76 = c, 110 = s*c - m*d. What are the prime factors of c?
2, 17
What are the prime factors of (63/(-14))/3*-180?
2, 3, 5
Let j = 27 - 5. Let v = 81 - j. List the prime factors of v.
59
Let a = 2052 + -1071. What are the prime factors of a?
3, 109
Suppose 2 = f - 0. Suppose -p - 2*x = x, 0 = f*p + 5*x. Suppose p = q - 15 + 7. What are the prime factors of q?
2
Suppose -3*l + 6*l + g = 28, -3*g - 20 = -4*l. Suppose 5*h = 3*h + l. What are the prime factors of (-18)/h*(-16)/3?
2, 3
Let y = 591 - 364. What are the prime factors of y?
227
Suppose 8*s - 16 = 6*s. Let m = s + -4. Suppose 8 = m*a - 0. List the prime factors of a.
2
Let q(b) = -b**2 + 8*b - 3. Let j be q(4). Suppose -5*k - j = -228. What are the prime factors of k?
43
Let l = 141 + -122. Let u = l + -2. List the prime factors of u.
17
Let l be 10/8*6*2. Suppose 3*j + 21 = 2*v, 0 = 2*v - j - 22 + 11. Suppose -2*g - l = -2*x - g, -4*g = -v*x + 35. What are the prime factors of x?
5
Let d(x) = -x**2 - 6*x - 7. Let m be d(-5). What are the prime factors of ((-18)/27)/(m/36)?
2, 3
Suppose l = 3*h - 1966, 6*l = 8*l - 10. What are the prime factors of h?
3, 73
Let o = -145 + 403. Suppose 0 = 12*m + o - 2478. What are the prime factors of m?
5, 37
Let t = 45 + 56. What are the prime factors of t?
101
Suppose i - 2 = 5*m + 23, -3*i + 20 = -4*m. Let f = 34 - i. What are the prime factors of f?
2, 17
Suppose 4*u + 16 = -2*g, 5*u + 13 + 7 = -g. Let j(z) = 8 + 29 - 9 + z. List the prime factors of j(g).
2, 7
Let n be (1 - -1) + (4 - 4). Suppose -12 = -n*w + 30. What are the prime factors of w?
3, 7
Let a(c) = 2*c**3 + 9*c**2 - 17*c - 14. Let b be a(-6). Let d(p) = p**3 + 20*p**2 - 6*p - 24. List the prime factors of d(b).
2, 3
Let r = -211 + 360. What are the prime factors of r?
149
Let l = -15 - -10. Let j be -3 + l/(-1 - 0). Suppose 0*k = -j*k + 4. List the prime factors of k.
2
Let y(x) = 10*x**2 - 39*x - 272. List the prime factors of y(-6).
2, 7, 23
Let x = -12 - -16. Suppose -2*f + a + 8 = 0, 8 = -x*f - 4*a - 0*a. Let s(i) = 2*i + 1. List the prime factors of s(f).
5
Let u be 70/25*5/1. Suppose 5*y - 4*g + 15 = 53, 0 = 4*y + 5*g - u. Suppose 0 = -3*d + y*d - 135. List the prime factors of d.
3, 5
Let d be (-3 - 7)/(4/2). Let w(z) = -6*z + 10. What are the prime factors of w(d)?
2, 5
Let c be ((-3)/(-2))/(9/(-12)). Let d(t) = -11*t**3 - 4*t**2 - 6*t - 2. What are the prime factors of d(c)?
2, 41
Let b(p) = -p**2 + 37*p + 29. What are the prime factors of b(19)?
7, 53
Let p be ((-246)/(-12))/((-4)/(-272)). Suppose -214 = 4*o - p. What are the prime factors of o?
5, 59
Let u(s) = -2*s - 2. Let r be u(-1). Suppose r = -4*o + 4*q - 24, 9*o - 4*q = 4*o - 25. List the prime factors of (-1)/(0 + o/6).
2, 3
Let r = 62 + -36. Let f = r + 23. What are the prime factors of f?
7
Let q be 16/(-1)*(-3)/3. Let u = q + -12. List the prime factors of ((-2)/u)/(4/(-192)).
2, 3
Let c(n) = 8*n**2 + n + 4. Let j be (-1*4)/(24/12). List the prime factors of c(j).
2, 17
What are the prime factors of ((-9920)/93)/((-43)/(-15) - 3)?
2, 5
Suppose -8*j - j = -8442. What are the prime factors of j?
2, 7, 67
Let v be (-16)/(-10)*(3 - 3/6). Suppose -s + 151 = 3*m, 6 + 10 = v*s. What are the prime factors of m?
7
Let m = 94 - 65. Suppose 21*g - m*g = -1344. What are the prime factors of g?
2, 3, 7
Suppose 4*r + 2*o = 14, 3*r + 2*r = -5*o + 10. Suppose 3*f - 6*f = 6, d + r*f = 33. What are the prime factors of d?
43
Let k(x) = x + 5. Let w be k(0). Suppose 0 = -3*z + g + 211, -2*g + 121 + 216 = w*z. What are the prime factors of z?
3, 23
Suppose 2*f + 2*q - 650 = 0, 5*q - 7*q + 1625 = 5*f. List the prime factors of f.
5, 13
Suppose -2*y + 98 = 3*w, y - 35 = -0*y + 2*w. List the prime factors of y.
43
Suppose -2*z + 4*z = 4. List the prime factors of (z - -2) + -3 - 95/(-5).
2, 5
Let g(y) be the third derivative of 7*y**6/60 + y**5/60 - 28*y**2. What are the prime factors of g(2)?
2, 29
Let h = 133 - 130. Suppose 0 = 8*l - 6*l - x - 404, 5*l + h*x = 1021. List the prime factors of l.
7, 29
Suppose -4*c - 3*l + 3668 = 0, -4*l + 948 + 876 = 2*c. What are the prime factors of c?
2, 5, 23
Let w = 359 + 428. What are the prime factors of w?
787
Let h(d) = 3*d - 7. Let g be h(5). Suppose 330 = g*z - 3*z. What are the prime factors of z?
2, 3, 11
Suppose -5*f - 244 = -4*u, 2*f - f = u - 49. Let r = -16 - f. Suppose 4*i - 120 = -4*v, 3*v - i - 62 = r. List the prime factors of v.
31
Let u(o) be the third derivative of -o**6/120 - 3*o**5/20 - 11*o**4/24 - 5*o**3/6 + 8*o**2. What are the prime factors of u(-8)?
19
Let z = 583 + -272. List the prime factors of z.
311
Let o be (-54)/4 + 1/(-2). Let h = o + 51. Suppose h = -2*g + 3*g. What are the prime factors of g?
37
Let y be (18/(-12))/(9/(-744)). Let v = 184 - y. List the prime factors of v.
2, 3, 5
Suppose -2*q + 4*i = 9*i - 705, -1092 = -3*q + 4*i. List the prime factors of q.
2, 3, 5
What are 